 2*i = -3*j + 88. Suppose -j = 4*b - 0. What is the units digit of -7 - -5 - (b - 0)?
7
Let r = 18 + -9. Let l = -4 - -5. Suppose i + l = r. What is the units digit of i?
8
Let q(l) = l**3 + l**2 + l - 5. Let i be q(0). Let g be (-2)/5 - 17/i. Suppose -2*o - 1 = -g*o. What is the units digit of o?
1
Suppose 4*i + 4*u = -i + 758, -u = i - 152. What is the hundreds digit of i?
1
Let h be -1 - (2 + -2 + -4). Suppose -3*k = -g - 12, g = -h*k - g + 12. Suppose -2*u + 10 = -k. What is the units digit of u?
7
Let s(x) = x**3 - 3*x**2 - 4*x - 5. Let l be s(4). Let c = l - -7. What is the units digit of c?
2
Let y be 4/8 - (-3)/2. Suppose -h + y*h - 15 = 0. What is the tens digit of h?
1
Let a = 84 + -48. What is the tens digit of a?
3
Let b = 153 - 104. What is the units digit of b?
9
Suppose -51 + 7 = -4*c - 2*s, -19 = -3*c + 2*s. What is the units digit of c?
9
Suppose 5*g + 1 = -0*z + 4*z, z = -4*g - 5. Let b(f) = -2*f + 1. Let k be b(1). What is the units digit of 1 + z + (-2)/k?
2
Let a(b) = b - 6. Let d be a(-7). What is the units digit of (-3 - d)*(-32)/(-10)?
2
What is the tens digit of (-2 - 4)*(-40)/6?
4
Let l be (3/(-2))/(5/(-110)). Suppose 0 = 4*y - 7*y + l. What is the tens digit of y?
1
Suppose 2*w = 3*j - 558, 2*j = 6*j + w - 744. What is the tens digit of j?
8
Let m(x) = x**3 - x**2 - x + 1. Let b be m(1). What is the units digit of ((-116)/2 - b)/(-2)?
9
Let v(c) = 2*c**2 - c - 17. What is the tens digit of v(-7)?
8
Suppose 3*g - 11 = -d - 0*d, -g = 2*d + 3. What is the units digit of g?
5
Suppose -4 - 86 = -2*n. Suppose -3*i + 21 + n = 0. Suppose -5*x + 18 + i = 0. What is the units digit of x?
8
Let k(s) = 4*s**3 + s**2 + s - 2. What is the units digit of k(1)?
4
Let f = 24 + -7. What is the units digit of f?
7
Let h = 104 + 41. What is the tens digit of h?
4
Let f = 1 + 8. Let b = -2 + f. What is the units digit of b?
7
Let n(l) = -l**2 - l + 41. Let v be n(0). Suppose -33 - v = -2*p. What is the tens digit of p?
3
What is the hundreds digit of 2721/(-60)*-4 - (-4)/(-10)?
1
Let d = 172 - 93. What is the tens digit of d?
7
Let g = -40 - -152. What is the units digit of g?
2
Let n = -11 + 14. Suppose 0*u + 18 = n*u. What is the units digit of u?
6
What is the hundreds digit of (5/2)/((-5)/(-330)*1)?
1
Let o = 29 + -11. What is the units digit of o?
8
Let f(m) = m**3 + 10*m**2 + 3*m - 4. Let r be f(-9). What is the tens digit of (4/(-5))/((-1)/r)?
4
Let s = -3 - -3. Let i be 2 - (-9 - s)/1. Suppose -4*h = -1 - i. What is the units digit of h?
3
Let c(j) = -2*j + 8. Let p be c(7). What is the units digit of (4/p)/(5/(-15))?
2
Suppose -z - 1 + 4 = 0. Suppose -4*b = 2*m + 48, -z*b + 5*b + 4*m = -36. What is the units digit of 15/(-2)*8/b?
6
Let x(l) = l**3 + 10*l**2 + 1. Let d be x(-10). Suppose 1 = -2*a - d, -u + 4*a + 19 = 0. What is the tens digit of u?
1
Suppose 8*o - 4*o - 322 = 2*k, -15 = 5*k. What is the tens digit of o?
7
Suppose -w = -2*w + 3. Let z(r) = 4*r. What is the tens digit of z(w)?
1
Let w = 39 - -19. What is the tens digit of w?
5
Let f(g) = -g**2 - 4*g - 2. Let w be f(-5). Let o = -7 - w. What is the tens digit of 1 + 2 + o - -12?
1
Suppose -2*t + 6*t - u = -194, -157 = 3*t + 5*u. Let j = -28 - t. Let l = j + -10. What is the tens digit of l?
1
Let u(j) = 7*j**2 - 5*j. What is the tens digit of u(3)?
4
Suppose -2*j + 200 = 2*j. Suppose a + a - j = 0. What is the tens digit of a?
2
Let i = 114 - 78. What is the units digit of i?
6
Suppose 3*t - 12 = 18. What is the tens digit of t?
1
Suppose 25 = 5*k - 10*k. Let m = k - -11. What is the units digit of m?
6
Suppose 4*k = 2*r - r + 797, 0 = -4*k + 4*r + 800. What is the units digit of k?
9
Let y = 17 + 164. What is the units digit of y?
1
Suppose -5 = -n + 8. Suppose -2*q + 17 = -n. What is the tens digit of q?
1
What is the units digit of 5/((-4)/(-1) + -3)?
5
Suppose -4*z = -0*z - 16. Suppose -8 = -3*r + 5*f + 8, 4*f = -2*r - z. Suppose 7*a = r*a + 70. What is the tens digit of a?
1
Let h be (6/9)/(2/(-3)). Let v(z) = 2*z**2. Let b be v(h). Suppose 44 = 4*s - 2*j, 3*s - j - 33 = -b*j. What is the tens digit of s?
1
Suppose -54 = -5*a - 19. What is the units digit of a?
7
Suppose -3*y - 14 = -203. What is the tens digit of y?
6
What is the tens digit of 1*4*232/16?
5
Let h be 22/(-3)*(-6)/4. Suppose -5*q + h = 46. Let u = q - -15. What is the units digit of u?
8
What is the units digit of 3 + 3 + 113 + -2?
7
Let k(r) = -r**3 - 9*r**2 - 10*r - 11. What is the tens digit of k(-9)?
7
Let m(l) = l**3 - 4*l**2 - 2*l + 3. Let o be m(4). Let a(w) be the first derivative of -3*w**2/2 - 6*w - 8. What is the units digit of a(o)?
9
What is the tens digit of (-1)/(-6) - (-609)/18?
3
Suppose 3*l = -2*l. Let n(a) = a - 14. Let q be n(l). Let r = 23 + q. What is the units digit of r?
9
Let y(s) = -s**3 - 18*s**2 - 23*s - 23. What is the tens digit of y(-17)?
7
Suppose -4*k + 65 = -155. Let m(i) = i**2 - i + 4. Let d be m(0). Suppose k = d*p + p. What is the tens digit of p?
1
What is the units digit of 1*2/2 - -18?
9
Let s be -1*(1 - 6/3). Suppose -c - s = -4. Suppose 3*q + 9 = c*m - 0*m, 0 = -5*q + 3*m - 7. What is the units digit of q?
1
Suppose z + 4*z - 745 = 0. What is the units digit of z?
9
Suppose -41 - 6 = -v. What is the units digit of v?
7
Suppose -2 = -5*j - 5*h + 18, h = 3*j + 8. What is the units digit of ((-15)/(-1) - 0) + j?
4
Suppose 0 = -21*v + 23*v - 398. What is the units digit of v?
9
Let l = 20 + -12. Let v(p) = -7*p**2 + 6 + p**3 + 3 - 8*p - 3. What is the units digit of v(l)?
6
Let h = 5 + -5. Suppose -1 = -2*p + 5*w + 5, h = p + 5*w - 18. Suppose 0 = 3*x + x - p. What is the units digit of x?
2
Let s(j) = j**2 + j - 6. What is the units digit of s(7)?
0
Let h(x) = -54*x - 7. What is the tens digit of h(-3)?
5
Let q = -1 - -14. What is the tens digit of q?
1
Let f(u) = -u**2 + 12*u + 3. Let r(v) = -v. Let d(h) = f(h) + 6*r(h). Suppose 5*b - 11 = 19. What is the units digit of d(b)?
3
Let n(y) = -8*y - 3. What is the tens digit of n(-6)?
4
What is the units digit of (-122)/(-10) + 11/(-55)?
2
Let v(l) = l**3 + 2*l**2 - 3*l + 2. Let k be v(-3). Suppose 0 = -k*d - 65 - 139. What is the units digit of d/(-14) + 2/(-7)?
7
Let p(h) = -19*h**3 + h**2 + h + 1. Let c(j) = j**3. Let m be c(-1). What is the units digit of p(m)?
0
Let a(p) = p**2 - p - 2. Let x be a(4). Let d = -6 + x. What is the tens digit of 1 + -3 - (d - 17)?
1
What is the tens digit of (-1 + 11)/(((-4)/64)/(-1))?
6
Suppose -1 + 16 = 5*j. Suppose 2*l = j*x - 3, -4*x = 2*l - x - 3. Suppose l*d + 10 = d. What is the units digit of d?
0
Suppose m = 2*y - 343, -2*m + 15 = -7*m. What is the tens digit of y?
7
Let u = -4 - -7. Suppose 1 = u*r + 10. Let i = r + 6. What is the units digit of i?
3
Let c = 8 - 5. What is the units digit of 15 + 3*(c + -4)?
2
Suppose 0 = 3*v + 2*u - 66, 2*v + 4*u + 7 - 51 = 0. What is the tens digit of v?
2
Let q(s) = -14*s - 2. Let i be q(4). Let n be (i/(-6))/(1/(-3)). Let r = -16 - n. What is the tens digit of r?
1
Let z(d) = d**2 - 5*d - 5. What is the tens digit of z(9)?
3
Let y(c) = -c**3 + c**2 - 3. Let w be y(0). Let z(m) = -3*m + 3. Let h be z(w). What is the units digit of 213/h + 3/(-4)?
7
Suppose -2*q + 3*y + 137 + 371 = 0, 2*y = 4*q - 1000. What is the units digit of q?
8
Let z(t) = -t**3 + 5*t**2 - 5*t + 5. Let p be z(4). Let q(u) = 8*u + 1. What is the units digit of q(p)?
9
Let q = -11 + 25. What is the tens digit of q?
1
Suppose -6*w + 3*w = -12. Let c be 1/((4/3)/w). Let a = 6 + c. What is the units digit of a?
9
Suppose 16 = 8*x - 4*x. Suppose -3*c = -j - c - 11, -j - x*c + 1 = 0. What is the units digit of (-8)/(-5)*(-2 - j)?
8
Let m = -86 + 312. What is the tens digit of m?
2
Suppose 5*j - 60 = 2*j. What is the tens digit of j?
2
Suppose 539 = 5*m + 4*o, -4*m + m - 5*o = -326. What is the units digit of m?
7
Suppose -o = -2*o + 42. Suppose 0 = 5*b - 0*c + 2*c - o, 3*b = 3*c + 21. What is the units digit of b?
8
Let l(c) = c**2 + 7*c. Let o be l(-5). Let j be o/((-2)/1) - 1. Suppose 2*x + 0*u = 5*u + 22, j*x + 2*u - 20 = 0. What is the units digit of x?
6
Let o(b) = 2*b + 5. Let q(z) = z**3 - 2*z**2 - z - 1. Let d be q(3). Let s be o(d). What is the units digit of (6/s)/((-1)/(-10))?
4
Suppose -2*f - 1 = p - 5, 0 = -p + 2. What is the units digit of f + 6